0, 4*u + 4*i + i + 219 = 0. Let g = u + q. What is the tens digit of g?
9
Let u = 927 + -927. What is the hundreds digit of 2 - u - -275 - (-9)/9?
2
Let l(h) = -474*h + 163. What is the thousands digit of l(-9)?
4
Let n(z) = 279*z + 774. What is the units digit of n(27)?
7
Suppose -12 = 20*u + 148. Let p(t) = -6*t + 136. Let l(j) = -4*j + 91. Let v(z) = -7*l(z) + 5*p(z). What is the units digit of v(u)?
9
Let r(l) be the second derivative of l**6/90 + l**5/60 - l**4/24 - 2*l**3 + 8*l. Let n(z) be the second derivative of r(z). What is the units digit of n(5)?
9
What is the thousands digit of (-637779)/(-48) - 117/1872?
3
Let v(d) = -708*d + 2955. What is the ten thousands digit of v(-46)?
3
Let q = 93597 - 52591. What is the tens digit of q?
0
Let o be (6 + -1)*2/5 - -22. Suppose o*v - 25*v = -4. Let p(a) = 9*a**2 - 6*a + 10. What is the hundreds digit of p(v)?
1
Let z = 245 + -65. What is the hundreds digit of 2348/6*z/120?
5
Suppose -12 = -4*k + 4*x, 4*k + 4 = -3*x - 5. Suppose k = -14*b + 20*b. What is the hundreds digit of 143/(-2)*(-2)/(1 + b)?
1
Let h be 2910/60 + 10/4. Suppose 1204 = -44*t + h*t. What is the units digit of t?
2
Let x = 42093 - 18246. What is the thousands digit of x?
3
Let b be 3/6*(-8)/(-2). Let y be (0 - -1)/(b/10). What is the tens digit of (y - 33/6) + 486/4?
2
Suppose -5*j = -7*j + 5*q - 25, 0 = 4*j + 4*q - 20. What is the tens digit of 186 - (2 + 0 + j + 2)?
8
Let o be (-2020)/(-42) - (-20)/(-210). Let p(i) = 261*i + 5. Let f be p(5). Suppose -53*d + o*d = -f. What is the units digit of d?
2
Let d = 2538 + -3794. Let y = d - -2057. What is the units digit of y?
1
Let x be (8/(-16) - 146/(-4)) + 2. Suppose 3*f = f + 4*c + x, -c = 4*f - 31. Suppose 2*u + 21 = f*u. What is the units digit of u?
3
What is the thousands digit of (-6441)/(19 - (-8008)/(-418))?
0
Suppose 4*b + 3*s - 28 = 0, b + 3*b + 2*s = 24. Let u(a) = 17*a**3 - 5*a**2 + 10*a - 24. What is the units digit of u(b)?
4
Let z(u) = -4*u + 46. Let y(w) = -w + 11. Let k(p) = -9*y(p) + 2*z(p). Let c be k(14). Suppose 7*l - 210 + c = 0. What is the tens digit of l?
2
Let b(h) = 3*h**2 + 3*h + 16. Let j be b(0). Suppose -3700 = -j*l + 1820. What is the tens digit of l?
4
Suppose -2*u - 2*i = -35 - 3, u - 4*i + 1 = 0. Suppose -5*m + 13640 = u*m. What is the units digit of m?
2
Let o be (1 + -1)/(2*1/(-1)). What is the hundreds digit of (o - -894) + (-96)/16 - -3?
8
Suppose -15*j + 36 = -12*j. Let q = j - 7. Suppose 470 = q*d + 5*s, -d + 84 = s + 2*s. What is the units digit of d?
9
Let m(f) = 2*f - 3. Let o be m(8). Suppose -5*g + 7 + o = 5*b, 3*b - 5*g = 20. Suppose 4*c = -0*c - 4*t + 296, b*c - 4*t - 388 = 0. What is the tens digit of c?
7
Suppose -2*j + 12 = r, -5*j + 0*r + 43 = -4*r. Suppose -z = -j*z + 1260. What is the tens digit of z?
1
Let y(t) = t**2 - 5*t - 46. Suppose -i + 4*i - 79 = -5*q, -4*q + 2*i + 50 = 0. What is the tens digit of y(q)?
8
Suppose -3*d + 2625 = -4*t, -4*t + 5*d + 0*d = 2623. Let g = -456 - t. What is the hundreds digit of g?
2
Let l(b) = -4*b. Let o be l(-5). Let v be o*3/36*6. Let q(u) = 2*u**3 - 22*u**2 + 24*u - 3. What is the tens digit of q(v)?
3
What is the tens digit of 7304 + 13 - (-17 - (-12 - -7))?
2
Let x(o) = 87*o + 90. Let s(a) = -a**3 - 7*a**2 - 14*a - 26. Let r be s(-6). What is the units digit of x(r)?
4
Suppose 259*t + 2*a = 264*t - 74591, -29821 = -2*t + 3*a. What is the hundreds digit of t?
9
Suppose 2601*s - 2626*s = -1227725. What is the tens digit of s?
0
Suppose d - 4*d = r - 14, 2*r = 4. Suppose 104 = 3*a - d*c, 3*a - 94 = -4*c + 3*c. What is the units digit of a?
2
Let p(b) = -2*b**3 + 15*b**2 + 40*b - 2. Let t(n) = -n**3 - 2*n**2 - n - 1. Let j(g) = -p(g) + 3*t(g). What is the tens digit of j(-20)?
5
Suppose 17*u - 33597 = -3*a + 16*u, 0 = -u + 6. What is the hundreds digit of a?
1
Suppose 35 = -4*t + 2*n + 221, -2*t = 3*n - 121. Let u(k) = k**2 - 6. Let j be u(-5). Suppose 3*v + j = 4, p = -5*v + t. What is the tens digit of p?
7
Let s(w) = w**3 - w**2 - 8. Let n be s(0). Let j = 58 - 62. What is the units digit of 3/(3/166)*j/n?
3
What is the tens digit of 4/(-12) + 75832*13/39?
7
Suppose 13*n + 3*q = 9*n + 48321, -3*n + 36211 = -2*q. What is the hundreds digit of n?
0
Suppose -2*f - 7*h = -2*h - 973, 0 = -f - 5*h + 499. Suppose -3*y + 1911 = y + 5*v, y = -2*v + f. What is the hundreds digit of y?
4
Let b = -162 - -169. What is the hundreds digit of (b + 268/5)/((-2)/(-10))?
3
Let k(g) = -2*g**3 - 40*g**2 - 101*g + 70. What is the tens digit of k(-24)?
0
Let u(g) = -g**2 - 8*g + 11. Let w be u(-5). Suppose 31*o - w = 29*o. Suppose -o*f + 1244 = 308. What is the units digit of f?
2
What is the tens digit of 18/48 - ((-349274)/16 - -2)?
2
Let a be (-3)/(-2) + 6/4 - 1. Suppose -7 - 1 = a*h, h = -2*r - 1340. What is the units digit of 8/12 - r/6?
2
Suppose 283*v = 291*v + 136. Let q be 1/((-2)/(-4)) - -39. Let n = q + v. What is the tens digit of n?
2
Suppose 22*d - 75 = 7*d. Suppose -d*j + 3*k + 1100 = 0, j = k + 2*k + 232. What is the units digit of j?
7
Suppose 2*q - 3*q + 40 = -4*w, -4*w - 3*q - 56 = 0. Let g(r) be the first derivative of -r**4/4 - 3*r**3 + 8*r**2 + 18*r - 31. What is the tens digit of g(w)?
8
Let h = 192 - 193. What is the tens digit of (-1)/(h/(-80))*50/(-8)?
0
What is the hundreds digit of (74/(-6))/((52/336)/(-13))?
0
Suppose -1581928 + 395975 = -114*s + 1886119. What is the tens digit of s?
4
Let x = -164 - -148. Let w be (-4 - 0)*(-767)/52. Let o = w + x. What is the tens digit of o?
4
Let t(j) = 41*j**2 - 18*j + 83. What is the tens digit of t(4)?
6
Suppose -4*o + 17788 = 3*g - 2*g, 0 = g + 3*o - 17793. Suppose -g = -74*r + 53*r. What is the hundreds digit of r?
8
Let s(j) = -j + 11. Let t be s(-5). Let g(a) = a**3 - 15*a**2 - 37*a - 4. Let w be g(t). What is the hundreds digit of (w - -1)*1/(-3) + -2?
1
Suppose 21*v = 26*v - 3*s - 1666, -5*s - 320 = -v. Suppose 5*j + 328 = 4*d - d, 2*j - v = -3*d. What is the units digit of d?
1
Let z(l) = -5*l - l**2 - 3*l + 15*l - 14 + 2*l**2. What is the units digit of z(-16)?
0
Let s(b) = -36*b + 9. Let z = -204 + 197. What is the hundreds digit of s(z)?
2
Let r = -194 + 309. Let g = -100 + r. What is the units digit of (-1 + (-173)/2)*(-30)/g?
5
Let k(l) = 167*l**2 + 41*l - 238. What is the tens digit of k(6)?
2
Let w = 4741 + -3185. What is the tens digit of w?
5
Let a be (5 + 1)*1 - 2. Let v(x) = x**3 - x**2 + 1. Let l(f) = -4*f**3 + 4*f**2 - 6*f - 5. Let i(t) = -l(t) + v(t). What is the tens digit of i(a)?
7
Let y(l) = 8*l**2 + 74*l + 210. Let p be y(-3). Let z = 93 - 141. Let c = p + z. What is the tens digit of c?
1
Suppose 2*w - 4*q - 22 = 0, -3*w + 8*w = -5*q - 20. Suppose 1 + w = y. Suppose -y*m + 299 = 51. What is the hundreds digit of m?
1
Let y(a) be the first derivative of 2*a**3 - 2*a**2 - 2*a + 5. Let j be y(4). Suppose -12 = -3*v, 3*l + 4*v - j = l. What is the tens digit of l?
3
Let g be (23 + -15)/((-1)/(-5)). Let l = g - 36. What is the units digit of (-6*1/l)/(1/(-40))?
0
Let k = -37 - -39. Suppose 3 = b - k. Suppose -b*c + 412 = 2. What is the units digit of c?
2
What is the tens digit of ((-486)/8)/((-19)/(-104880)*-12)?
4
Suppose 177*p - 186*p = -14868. What is the tens digit of p/(-10)*((-455)/(-14))/(-13)?
1
Let k(g) be the first derivative of -7/2*g**2 + 37*g - 13. What is the tens digit of k(-6)?
7
Let d(o) be the second derivative of o**7/1260 - o**6/720 - o**5/24 + 3*o**4/2 - 3*o. Let i(a) be the third derivative of d(a). What is the units digit of i(2)?
1
Let n(j) = 12 - 11 + 8 + 1 - 191*j. What is the tens digit of n(-2)?
9
Let t be ((-324)/24)/((-6)/(-8)). Let c = -74 - -23. Let l = t - c. What is the tens digit of l?
3
Let w be (-7)/(-56) + (-156)/(-32). Suppose -w*u + 411 = -1169. What is the tens digit of u?
1
Let o = -2 + 188. Suppose 22*x = 19*x + o. Suppose -2*q - 2*w = -3*w - 48, w - x = -3*q. What is the units digit of q?
2
Suppose -52*p = -61*p - 10296. Let o = 1698 + p. What is the hundreds digit of o?
5
Let p(q) = 5*q + 15. Let u be p(6). Let c = u - 55. What is the units digit of (-4464)/(-60) - 6/c?
5
Let c be 0 + (-146)/(-30) - (-6)/45. Suppose 0 = 2*n - 19 - c. What is the units digit of -111*(4 + (-68)/n)?
5
Suppose 13*p = 8*p. Suppose -q - 4 - 1 = p. What is the units digit of 2/(-2)*(q - 1